 is the highest common factor of 319 and 33?
11
What is the greatest common factor of 142 and 2414?
142
Calculate the greatest common divisor of 623 and 7.
7
Calculate the highest common divisor of 55 and 1441.
11
Calculate the greatest common factor of 18 and 64377.
9
What is the highest common factor of 750 and 12?
6
What is the highest common divisor of 150 and 60?
30
Calculate the highest common factor of 24 and 600.
24
Calculate the highest common factor of 464 and 3596.
116
Calculate the highest common factor of 1156 and 68.
68
Calculate the greatest common factor of 16 and 116.
4
What is the greatest common divisor of 195 and 7085?
65
Calculate the highest common factor of 27904 and 128.
128
Calculate the greatest common factor of 5 and 1.
1
What is the greatest common factor of 11334 and 12?
6
What is the greatest common factor of 1034 and 198?
22
Calculate the highest common factor of 18 and 21.
3
What is the highest common factor of 306 and 850?
34
Calculate the highest common divisor of 1606 and 242.
22
Calculate the highest common divisor of 438 and 1022.
146
What is the greatest common factor of 1256 and 157?
157
Calculate the greatest common factor of 854 and 322.
14
Calculate the greatest common factor of 18 and 27.
9
What is the greatest common factor of 12 and 141?
3
Calculate the greatest common factor of 104 and 1846.
26
What is the highest common divisor of 17475 and 75?
75
Calculate the highest common divisor of 760 and 40.
40
Calculate the highest common factor of 497 and 7.
7
Calculate the greatest common factor of 4 and 118.
2
What is the highest common divisor of 87 and 2059?
29
What is the highest common factor of 9 and 1083?
3
What is the highest common divisor of 105 and 63?
21
What is the greatest common factor of 324 and 12?
12
What is the greatest common factor of 13424 and 16?
16
What is the highest common divisor of 6111 and 9?
9
Calculate the greatest common factor of 768 and 372.
12
Calculate the highest common factor of 12 and 384.
12
Calculate the highest common divisor of 6 and 12024.
6
What is the greatest common factor of 72 and 63?
9
Calculate the highest common factor of 47 and 611.
47
Calculate the highest common factor of 533 and 78.
13
What is the highest common factor of 24600 and 240?
120
What is the highest common divisor of 2673 and 33?
33
What is the greatest common divisor of 234 and 846?
18
Calculate the greatest common divisor of 115 and 25.
5
What is the greatest common divisor of 238 and 4879?
119
What is the highest common factor of 168 and 63?
21
Calculate the highest common divisor of 5593 and 714.
119
What is the highest common factor of 25 and 1025?
25
Calculate the greatest common factor of 320 and 256.
64
Calculate the greatest common divisor of 11005 and 31.
31
What is the greatest common divisor of 498 and 83?
83
What is the greatest common factor of 640 and 560?
80
Calculate the highest common divisor of 36 and 279.
9
Calculate the greatest common divisor of 132886 and 494.
494
Calculate the greatest common divisor of 712 and 8.
8
Calculate the greatest common factor of 855 and 30.
15
What is the highest common factor of 3502 and 68?
34
Calculate the greatest common factor of 464 and 32.
16
Calculate the greatest common factor of 19 and 3401.
19
Calculate the greatest common divisor of 40 and 630.
10
What is the highest common factor of 306 and 2958?
102
Calculate the greatest common divisor of 202 and 78.
2
Calculate the highest common factor of 147 and 105.
21
What is the greatest common factor of 7 and 623?
7
What is the highest common factor of 24 and 1704?
24
What is the highest common divisor of 17 and 1071?
17
What is the highest common divisor of 7 and 371?
7
Calculate the greatest common divisor of 940 and 20.
20
Calculate the highest common divisor of 76 and 108.
4
What is the greatest common factor of 202 and 13231?
101
Calculate the highest common divisor of 14 and 4942.
14
Calculate the highest common factor of 249 and 3071.
83
Calculate the greatest common divisor of 14 and 2051.
7
What is the highest common factor of 20 and 27480?
20
Calculate the highest common factor of 10 and 370.
10
Calculate the greatest common divisor of 1074 and 6.
6
Calculate the highest common factor of 4 and 64.
4
Calculate the greatest common divisor of 817 and 1.
1
Calculate the highest common divisor of 1656 and 360.
72
Calculate the highest common divisor of 7 and 62461.
7
What is the highest common factor of 636 and 12?
12
Calculate the greatest common divisor of 1015 and 21.
7
Calculate the greatest common factor of 69 and 69.
69
What is the highest common divisor of 184 and 506?
46
What is the greatest common factor of 5940 and 22?
22
What is the greatest common factor of 4 and 152?
4
Calculate the greatest common factor of 48 and 1932.
12
Calculate the greatest common factor of 4150 and 550.
50
What is the greatest common factor of 85 and 10?
5
Calculate the highest common factor of 1 and 5822.
1
What is the highest common factor of 1468 and 4?
4
Calculate the highest common factor of 30 and 140.
10
What is the highest common divisor of 1341 and 18?
9
Calculate the highest common divisor of 868 and 1178.
62
Calculate the greatest common factor of 2448 and 8.
8
What is the greatest common divisor of 4 and 236?
4
Calculate the greatest common factor of 144 and 126.
18
What is the greatest common factor of 135 and 105?
15
What is the greatest common divisor of 3840 and 75?
15
Calculate the highest common divisor of 4636 and 16.
4
Calculate the highest common divisor of 16 and 76.
4
Calculate the highest common divisor of 11 and 803.
11
What is the greatest common divisor of 2940 and 63?
21
Calculate the highest common factor of 39 and 403.
13
Calculate the greatest common factor of 12 and 44.
4
What is the greatest common factor of 31 and 7099?
31
Calculate the highest common divisor of 22 and 2.
2
What is the greatest common divisor of 33 and 187?
11
Calculate the greatest common factor of 435 and 580.
145
Calculate the highest common factor of 518 and 154.
14
What is the highest common factor of 57 and 2489?
19
Calculate the greatest common divisor of 17465 and 35.
35
Calculate the greatest common factor of 224 and 6776.
56
Calculate the greatest common factor of 231 and 4683.
21
What is the highest common divisor of 192 and 72?
24
Calculate the greatest common divisor of 205 and 5.
5
What is the greatest common divisor of 72 and 4356?
36
What is the highest common divisor of 112 and 7?
7
What is the highest common divisor of 1107 and 108?
27
Calculate the highest common divisor of 49392 and 252.
252
What is the highest common factor of 1586 and 122?
122
Calculate the highest common divisor of 21 and 161.
7
Calculate the greatest common divisor of 2028 and 24.
12
What is the greatest common factor of 4773 and 129?
129
What is the greatest common factor of 88 and 208?
8
Calculate the greatest common factor of 432 and 9.
9
Calculate the highest common divisor of 259 and 21.
7
Calculate the greatest common divisor of 980 and 4200.
140
Calculate the greatest common divisor of 126 and 1062.
18
Calculate the highest common factor of 3 and 375.
3
Calculate the highest common factor of 41 and 779.
41
What is the highest common factor of 728 and 392?
56
Calculate the greatest common divisor of 1370 and 90.
10
What is the greatest common divisor of 4257 and 171?
9
What is the highest common factor of 174 and 22272?
174
What is the greatest common divisor of 416 and 234?
26
Calculate the highest common factor of 323 and 209.
19
Calculate the highest common divisor of 5280 and 30.
30
What is the highest common factor of 6 and 267?
3
What is the greatest common divisor of 722 and 874?
38
What is the greatest common divisor of 4 and 326?
2
What is the greatest common divisor of 169 and 44447?
169
Calculate the highest common divisor of 3618 and 67.
67
Calculate the highest common divisor of 60 and 24.
12
What is the greatest common divisor of 10 and 3440?
10
Calculate the highest common factor of 14100 and 75.
75
Calculate the highest common factor of 226 and 1243.
113
What is the highest common factor of 11508 and 84?
84
Calculate the highest common factor of 7035 and 30.
15
What is the hi